 + z*r - 12652 = 0. Is r composite?
False
Let h be ((-20)/(-50))/(8/100). Suppose -h*k - 9*k = -109438. Is k composite?
False
Is 45/(-54)*3*(-540604)/10 a prime number?
True
Suppose -121*l - 1181323 = 39*l - 19725483. Is l prime?
True
Suppose -219*q + 107*q + 16186 = -111*q. Is q a prime number?
False
Let t(g) be the first derivative of -24*g + 1/4*g**4 + 5*g**3 + 17 + 1/2*g**2. Is t(-14) composite?
True
Let o(x) = 23*x**2 - 144*x + 3080. Is o(179) a composite number?
False
Suppose 969 = -2*g + 5*g. Suppose -m + 156 = -g. Is m a composite number?
False
Is (-390838)/(-18) - 2/6*20/30 composite?
False
Let k = -339 - -523. Let l be -3*3/(-9) + -4. Is (3 - k/6)*l a composite number?
False
Let g(p) = -10*p + 72. Let t be g(-6). Suppose t*o = 125*o + 20573. Is o prime?
True
Suppose -3*s = -3*m - 2*s - 1435, -2*m + s = 957. Let l = -185 - m. Is l prime?
True
Let x(j) = 74*j**2 - 48*j + 151. Is x(24) a prime number?
False
Let w be ((-144)/(-54))/(4/9). Suppose 4*m = 4, 0 = -w*z + 4*z - 3*m + 1097. Is z composite?
False
Let b(h) = 16*h**2 + 29*h + 14. Let t(s) = -s**3 - 16*s**2 - 29*s - 15. Let v(g) = 4*b(g) + 3*t(g). Is v(-12) a composite number?
False
Suppose 2*f + 5*t = t + 20, 12 = 3*t. Suppose 2*k - 5*j = 1412 + 403, f*k = 3*j + 1805. Is k prime?
False
Suppose 0 = -l + 2*l + 2*s - 11, -5*s + 32 = 4*l. Suppose l*b - 4*b = -0*b. Suppose -17*k + 14*k + 2391 = b. Is k composite?
False
Suppose -12 = 5*t - 6*t. Suppose t*r = 8*r + 3324. Is r a prime number?
False
Let s be (-6)/(-16) + 2 + (-312)/832. Let t(w) = 708*w - 7. Is t(s) prime?
True
Suppose -n + 4*v = -2*n + 7, -4*n - v - 2 = 0. Let d be n*(4 + -3)*3. Is 2/d*(-27)/6 prime?
True
Let s = -51 + 54. Let y be 146/(-2)*(-3 + 3 - s). Let c = y - -982. Is c a prime number?
True
Suppose -4*d - 728 = -2340. Let b(f) = -5*f**3 + 11 + 2*f**3 + d*f**2 - 398*f**2 + 7*f. Is b(-6) composite?
False
Suppose -9*a + 30 = -6. Suppose -4*o = 5*r - o - 7, 0 = r + a*o + 2. Suppose -604 = -r*w - 2*j, -9*w = -12*w - 2*j + 903. Is w prime?
False
Let y = 224124 - 121883. Is y a prime number?
True
Let z = 13830 - -119033. Is z a prime number?
True
Let r(c) = 205947*c**2 + 16*c - 3. Is r(2) a composite number?
True
Suppose 4*l = -0*l + 2*c + 234, l - 5*c = 36. Let u = l - 38. Suppose -u*z = -27*z + 4604. Is z composite?
False
Let f = -241 - -183. Is (10 - f/(-6))*(0 - -2631) composite?
False
Let p = -8728 - -51317. Is p prime?
True
Let f = 1265 + 658. Suppose 5*h - 2229 = -2*d, -297*d = -301*d + 5*h + 4383. Let i = f - d. Is i a composite number?
False
Let p = -5 - 1. Suppose 0 = -y - u - 6, 3 = -8*u + 7*u. Is p/(2 - 4)*(-269)/y composite?
False
Suppose 0 = -3*a + 2*u + 95477, -19*a + 9*a = -4*u - 318270. Is a prime?
False
Suppose -5*b + 12*b - 21 = 0. Is (-2802)/(-6) + 1 + b composite?
True
Suppose 0 = -t + 70190 + 449. Is t a prime number?
True
Let n = -435 - -438. Suppose o = -5, n*o + o = -5*h + 26715. Is h composite?
False
Let u = -94893 + 54449. Is u*(216/32 - 7) composite?
False
Suppose -15*j + 8*j + 119 = 0. Suppose 3*b - 10 = j. Suppose b*z = 2555 + 6184. Is z prime?
True
Suppose 3*q - 14 = -2*s, 3*s - 7*s = -4. Let k(w) = -26*w - 16. Let a be k(q). Let z = a - -207. Is z a prime number?
False
Let n be (82/16 - 1/8) + -5. Suppose 71084 = 2*s - n*j + 3*j, 0 = -3*s + j + 106637. Is s composite?
True
Let i(p) = 89*p**2 + 2*p + 2. Let y be i(-4). Let m = 2445 - y. Is m prime?
False
Let y = 3 + -2. Let n be -3 + y + 5*(2 - 1). Is (-9)/n - 1708/(-2) composite?
True
Let r be (0/(-2) + -2)/((-28)/42). Suppose -r*k = -0*k - 12, -k = 2*w. Is w/3 + (-15867)/(-27) a composite number?
False
Let w = -108 - -111. Is (-317)/(-2)*(w - 6/6) a prime number?
True
Let g be ((-5731)/22)/(1/12). Let c = g - -6809. Is c a composite number?
True
Suppose s + 2*s = -j + 28837, 3*j = 2*s - 19221. Is (-3)/(-15) + s/15 composite?
False
Suppose -20*b + 27*b = 0. Suppose -4*z + 44 = 4*w + 12, 3*z + 2*w - 19 = b. Suppose -1474 = -3*g - d, 3*d - 256 = -z*g + 1208. Is g a composite number?
True
Suppose 3*i - 32 = -5. Is (411/i)/(3/603) a prime number?
False
Let k(u) = -u**3 + 12*u**2 - 2*u + 15. Let y be k(12). Let g be (13 + -44)*(-66)/1. Is (-3)/2*g/y a prime number?
False
Let o(u) = 253*u - 70. Let w be o(-6). Let v = w - -3777. Is v composite?
True
Let j = -4 - -24. Suppose -3713 = j*q - 44773. Is q a prime number?
True
Suppose 7*r - 68383 = 14*r. Let g = -4614 - r. Is g prime?
False
Suppose 359631 = -21*x - 418335. Is 1 - 8 - x/1 a prime number?
True
Let r(n) be the first derivative of n**4/4 - 2*n**3/3 - n**2/2 + 4751*n + 191. Is r(0) prime?
True
Suppose 0 = -118*d + 147*d - 1672691. Is d a composite number?
False
Let g be (-3)/18 + (-3)/126*-7. Suppose -15*a + 12191 + 45514 = g. Is a composite?
False
Suppose -4*d + 13 - 1 = 0, h + 2*d = 1600. Is h a prime number?
False
Let r be ((-2 - 0) + 8 + -6)/2. Suppose -2*a + 18402 = 4*t, r = -a - 2*a + 3*t + 27594. Is a prime?
True
Suppose 12 = -b + 15. Suppose 2*d = -4*u - 1012, b*u + d + 614 + 147 = 0. Let l = u - -2074. Is l composite?
True
Let n(l) = 43*l**2 + 7*l + 9. Suppose -v - 11 = -3*j + 8*j, 0 = 5*v - 5*j - 35. Let i be 32/12*(-6)/v. Is n(i) prime?
False
Suppose -p + 2*p - 5838 = 5*o, 3*p - 2*o = 17540. Suppose -c - 7*c + p = 0. Is c a composite number?
True
Is 23516/(-6)*(-7 - 602/28) prime?
False
Suppose -5*i + 1 = 3*t, -4*t - 2*i + 6*i + 12 = 0. Suppose -y = -t*s + 1177, -s - 3*y + 571 = -0*y. Is s prime?
False
Suppose 4*v - 11600 = -4*p - 0*p, 3*v - 8695 = -4*p. Let r(m) = -m**3 - 14*m**2 + m + 17. Let u be r(-14). Suppose 0 = u*w + 2*w - v. Is w prime?
False
Let d = -297860 + 458983. Is d a prime number?
True
Suppose -6*q - 12*q + 52074 = 0. Let k = 4230 - q. Is k a composite number?
True
Suppose 16*a - 26 = 3*a. Suppose 201 = m - a*r - 304, 0 = -m - r + 493. Is m prime?
False
Let z(h) = 57*h**2 + 11*h - 12. Let b be z(10). Let u = b + -2985. Is u a composite number?
True
Suppose 2*v + 2*j - 6 = 0, -5*v - 3*j + 2 = -11. Suppose -2*x + 2 = -2*l - l, v*l - 8 = -x. Suppose -x*z + 9*z - 1945 = 0. Is z composite?
False
Let i(s) = -1126*s + 31. Let f be i(-4). Suppose 3*q - 5*y = 13621, 6*y = -q + 9*y + f. Is q a prime number?
True
Let j(w) = -107*w**3 + 974 + 3*w + 218*w**3 - 112*w**3 + 3*w**2. Is j(0) a composite number?
True
Let b(v) = 968*v**3 - 3*v**2 + 6*v + 4. Is b(7) a prime number?
False
Let z(v) = -v**3 - 2*v**2 + 5*v + 6. Let r be z(-3). Let t(l) = -28*l + 674*l**2 + 2 + 25*l + 1 + r. Is t(-2) a composite number?
True
Let h be 2/14 + (485/35 - 9). Suppose -11*r - 3*p = -9*r + 308, -3*r + h*p - 443 = 0. Let m = r + 2280. Is m composite?
False
Suppose -2*k - 62038 = v, 4*v - k + 248179 = -0*k. Is (4/(0 - 2))/(8/v) prime?
True
Let f = 174008 + -120304. Let w = 101009 - f. Is w prime?
False
Let p = 612504 - 263453. Is p composite?
False
Let d(u) = -u**2 + 4*u + 25. Let p be d(8). Let r = 14 + p. Suppose -r*g + 986 = -5*g. Is g a prime number?
False
Let r(j) = j**3 - 10*j**2 - 2*j + 23. Let p be r(10). Let k be (27/1)/(p - (-2034)/(-680)). Suppose -2*g + 1654 = -k. Is g prime?
True
Is -119 + 107 + -2 + 51943 a prime number?
True
Let l(s) = -98*s - 39. Let y be l(23). Let z = 144 - y. Is z composite?
False
Suppose -18 = 3*o - 9*o. Let c be o + 6/3 + -1. Suppose -p - d + 70 = -82, -3*d + 605 = c*p. Is p a prime number?
True
Let v be ((-16)/(-4))/(3 + -2 + 1). Suppose -8 = 5*d - 4*k - 0, 0 = -d - k + v. Suppose -7*o + d*o = -8561. Is o prime?
True
Let d(g) = -37*g - 47. Let t be d(4). Is (-4)/6 + (-170573)/t*5 prime?
True
Let o = 1185 + -1186. Suppose -u = 5*f - 13 - 17, 24 = 4*f - 5*u. Is 145 + 5 + (o - f) a prime number?
False
Suppose -2195732 = -19*g + 2259958 + 2460367. Is g a prime number?
False
Suppose 14*n = 14 + 42. Suppose -n*c + 16640 + 57084 = 0. Is c prime?
False
Is 5 - (-414017 + 30/5 + 3) prime?
True
Suppose -4*h - r - 1198 = -0*r, 298 = -h - r. Is 20074/(h/(-135) + 2/(-9)) prime?
True
Let s(p) = -p - 33. Let d be s(-20). Is (-14754)/4*(156/18)/d a composite number?
False
Let k = 49 + -47. Is (2 - 3730/(-40))/(k/8) a prime number?
False
Let j = -44 + -493. Let s = j - -1333. Suppose -4*q = -8*q + s. Is q composite?
False
Let r(y) = -y**3 - 3*y**2 - y + 4. Let h be r(-2). Suppose -19140 = -h*w + 13320. Suppose 0*f - 6*f = -w. Is f composite?
True
Let s(n) = n**3 - n**2. L